5). Determine x(r).
-1
Suppose -3 = 4*j + 25. Let u(s) = 2*s + 11. Let k be u(j). Let t(z) = z**3 + 4*z**2 - 2*z - 2. What is t(k)?
13
Let o be 4/18 + (-32)/(-18). Let k(g) = g + 1. Let n be k(o). Let p(u) = u - n*u - 2*u**2 - 5*u**2 - 1 + 0. Give p(-1).
-6
Let t(g) = -g**3 + 5*g**2 - 2*g - 5. Let n be t(4). Let q(s) = 0 - 2*s + 2 + n*s. Let b(u) = 16*u - 66. Let v be b(4). Determine q(v).
0
Let n(g) = -4*g**2. Let q be (13 + -3)*(-6)/(-15). Suppose 2*w = w + 2*t + 9, 0 = 4*w - q*t - 16. Calculate n(w).
-4
Suppose 0 = -0*k - k + 4. Suppose 0 = -5*o + 2*u - 7*u - 5, -2*o + 4 = -k*u. Suppose o*r = -r. Let m(p) = p**3 + p**2 - 4. What is m(r)?
-4
Let f(x) = -34*x**3 + 33*x**3 - 3 + 9 + 7*x - 5*x**2. Give f(-6).
0
Let y = -2 - -4. Let a(l) = -2*l**2 + 4*l**y + 11*l**2. What is a(1)?
13
Suppose -a - 2 = -2*a. Let d(c) = 4*c**2 + 8*c - 4*c**a + c**2 - 5 - 2*c**2. Give d(6).
7
Suppose -5*t + 8 = -3*t. Let j(q) = 6*q - 3*q - q**2 + t*q**2. Give j(-2).
6
Suppose 5*y - 14 = -99. Let j(b) = -3*b**2 - 17*b + 17. Let h(a) = -a**2 - 6*a + 6. Let g(u) = y*h(u) + 6*j(u). What is g(-2)?
-4
Let n(v) be the second derivative of -v**4/12 + v**3/3 + 3*v**2/2 - v. Let t = 2 - -2. Let l = t + 0. Calculate n(l).
-5
Let h(y) = -3 + 2*y + 0*y + 0*y - 3. Let a(t) = -t**3 - 4*t**2 + 4*t. Let o be a(-5). Determine h(o).
4
Let u(c) = -4*c - 2. Let f(b) = 9*b + 5. Let y(v) = 6*f(v) + 13*u(v). Give y(-6).
-8
Suppose -5*u + u - 4 = 0. Let z be 2/(4/(-6)) + 5. Let g(m) = 6*m**3 - 1 - 10*m**3 - z*m + m + 0*m. What is g(u)?
4
Let v(r) be the first derivative of 5*r**3 + 5*r**2 - 11*r - 1. Let q(x) = 7*x**2 + 5*x - 5. Let s(c) = -13*q(c) + 6*v(c). What is s(-5)?
-1
Let i(m) = m**2 + m - 1. Let k(n) = 5*n**2 + 5*n - 6. Let o(v) = 4*i(v) - k(v). Determine o(-3).
-4
Let r(b) = b**2 - b + 6. Let g = -58 + 58. Determine r(g).
6
Let r(q) = q + 1. Let b = 18 - 21. What is r(b)?
-2
Suppose a + 26 + 8 = 5*k, -2 = -3*k - 4*a. Let m(h) = h - 11. Determine m(k).
-5
Let r be (-6)/(-9)*6/2. Let z(k) = 22*k**2 - 3*k + 3*k - 19*k**2. Give z(r).
12
Let g(n) = 1 - 3*n - 2*n + 3*n. Give g(-2).
5
Let g(f) be the second derivative of -f**3/2 + f**2 + f. Let u(h) = h**2 + 2. Suppose 4*d = d. Let j be u(d). Calculate g(j).
-4
Let a be -14 - -13 - (-3)/1. Let o(d) = 1 + 0 + 1 - 3*d + d**2 - d**3. Calculate o(a).
-8
Suppose 6*l - 14 = 4. Let h(i) = -i**2 + 5*i - 3. Calculate h(l).
3
Let d(b) be the third derivative of -b**6/120 + b**5/60 + b**4/6 - b**3/6 + 3*b**2. Determine d(3).
-7
Let q = -6 - -14. Suppose 5*c - q - 7 = 0. Let l(i) = i**2 - 3*i + 3. Determine l(c).
3
Let l(o) be the second derivative of -o**5/20 - o**4/4 - o**3/6 - o**2/2 - 25*o. What is l(-2)?
-3
Let x(d) = -d**3 + 4*d**2 + 4*d + 7. Let q be x(5). Let o be (8/10)/(q/5). Let a(y) = 4*y - y**2 - 3 + y**2 + y**o. Give a(-4).
-3
Let b(m) be the first derivative of -m**4/4 + 5*m**3/3 - 2*m - 33. Calculate b(3).
16
Suppose 4*f + m - 13 = 0, 4*f - 4*m - 15 = -7*m. Let x(i) be the second derivative of -i**3/3 - i. Give x(f).
-6
Let r(x) = 13*x - 14. Let v(i) = -6*i + 7. Let j(n) = -3*r(n) - 7*v(n). Calculate j(6).
11
Let p(i) = -8*i - 5. Let k(r) = -r. Let f(t) = -k(t) + p(t). Calculate f(-4).
23
Let p(s) = -6*s**3 - s**2 + s. Suppose 2*y + 2 = 4. Determine p(y).
-6
Let k(t) = -8*t. Let u(z) = -z**3 - z**2 - 2*z + 1. Let d be u(0). What is k(d)?
-8
Let g(w) = w**2 - w + 11. Let p be g(0). Let f(a) = 6*a**2 + 25*a - 1. Let u(d) = d**2 + 5*d. Let n(x) = p*u(x) - 2*f(x). Give n(4).
6
Let i be (-8 - -1)/((5 - 0)/5). Let u(t) = -t**3 - 7*t**2 - 6. What is u(i)?
-6
Let a be 1*(4/2 + -7). Let j(b) be the first derivative of -b**2/2 - 4*b - 3. Let n be j(a). Let f(k) = 2*k + 1. Calculate f(n).
3
Let k(v) be the third derivative of -v**4/24 - v**3/6 + 47*v**2. Determine k(1).
-2
Let u(w) be the first derivative of 5*w**2/2 - 3*w - 9. Calculate u(2).
7
Let c(m) be the second derivative of m**5/20 + 5*m**4/12 + 2*m**3/3 - 40*m. Suppose -w - 2 = 0, -2*w = -4*r + w - 6. What is c(r)?
6
Let l(z) = z - 3. Let y be (12/9)/((-6)/(-9)). Let i be l(y). Let p(c) be the second derivative of -5*c**4/6 - c**3/6 - c**2/2 + c. Calculate p(i).
-10
Let f(k) = 6*k - 9. Let j(v) be the first derivative of 3*v**2/2 - 4*v - 1. Let t(i) = 4*f(i) - 9*j(i). Suppose 2*a - 4 = 4*u, 8 = 5*u + a - 1. What is t(u)?
-3
Suppose 3*x = -4*m + 13, -3*m + 4*x - 3 = -19. Let r(w) = -3 - 4*w + 6*w + 4*w - m*w. Calculate r(2).
1
Let n(h) = 0*h**2 - 3 + 3 - 2*h**2 - 2 + 6*h. Suppose -5*y + 49 = 29. Give n(y).
-10
Let q(k) = k - 5. Suppose -u + 0*u = 0. Suppose u*c = 4*c - 24. Let o = 11 - c. Calculate q(o).
0
Let n(q) = 7*q - 1. Suppose 2*w + 2*w = 0. Suppose w = c - 2 - 2. Suppose 0 = -5*v + 1 + c. What is n(v)?
6
Let w(l) = -l**2 - 4*l - 3. Suppose 2*g + 5*s + 19 = g, 5*g - 3*s = -39. Let k = 3 + g. Let c be (k/(-2))/(3/(-3)). Give w(c).
0
Let k(j) be the first derivative of j**4/4 + j**3/3 - 5*j + 4. Suppose -2*v = -6*v. Calculate k(v).
-5
Let p(z) = z**3 - 4*z**2 - 2*z + 6. Let j be (-6)/9*(-30)/4. Suppose j = 4*b + 1. Let i = b + 3. Calculate p(i).
-2
Suppose -5*v + 5*l + 5 = 0, 10*l - 11*l = 5*v - 29. Let o(z) = z**2 - 3*z - 4. Determine o(v).
6
Let f(l) = -l**2 + 9*l + 10. Let t = -50 + 60. What is f(t)?
0
Let i = -6 + 12. Let w(b) = -b**2 + 6*b. Let a be w(i). Let s(f) = f + 6 + a - 2. Calculate s(-5).
-1
Let w(t) = t**3 - 5*t**2 - 8*t + 2. Let m(p) = 6*p**2. Let v be m(1). Give w(v).
-10
Let o be (-5)/(-10) - 58/4. Let m = -2 - o. Suppose 5*p = 2*p + m. Let x(r) = r**3 - 4*r**2 - r + 2. What is x(p)?
-2
Let c(y) = -y**2 - 2*y - 3. Let g(l) = -5*l**2 - 11*l - 16. Let r(k) = -22*c(k) + 4*g(k). Determine r(-2).
10
Let i(p) = -3 - 2*p - p + 2. Suppose 9*r - 10 + 37 = 0. Calculate i(r).
8
Let s(j) = j**2 + 6*j + 5. Let b be s(-6). Let f(k) = b*k**2 - 1 + k**3 - k - 4 + 1 - k. Determine f(-5).
6
Let x(v) be the first derivative of v**4/4 - 5*v**3/3 + 3*v**2/2 - 5*v - 2. Suppose 5*p - 4*q - 17 + 0 = 0, -2*p + 14 = -4*q. Suppose r = p + 3. Give x(r).
-9
Let f(z) = -z**2 + 4*z - 4. Let h(v) be the first derivative of v**3/3 - 3*v**2 + 2*v - 2. Let s be h(6). Let i be ((-5)/((-10)/16))/s. What is f(i)?
-4
Suppose 2*s = 7*s - 20. Let c(u) = -3*u**3 - u**2 - 13*u - 3. Let a(o) = 2*o**3 + 7*o + 1. Let n(h) = -5*a(h) - 3*c(h). Give n(s).
4
Suppose -2*h = 2*v - 6, v + 4 = 9. Let a(f) = -f + 2. What is a(h)?
4
Let f(c) = -c**3 + 2*c**2 + 5*c - 3. Let h be f(3). Let z(a) = 6 - 4*a - 5*a**2 + 3*a - a**3 - 10 + 2*a**h. Give z(5).
-9
Let q(v) be the second derivative of -v**5/20 - v**4/6 + v**3/2 - v**2/2 + 3*v. Let b be 0 - ((4 - 1) + -31). Let i be (-2)/8 + (-77)/b. Determine q(i).
-1
Let t(i) = i**2 - 2*i**2 - 56 + 2*i + 118 - 63. What is t(1)?
0
Let q be 0*1/1*-1. Let d(r) = q*r - 1 + 3*r - 2*r. Let c be 54/(-12) + (-2)/4. Determine d(c).
-6
Let o be -2 - (16 + -1)/(-3). Let a(p) = -6 + o*p + 2 + 0*p. Suppose -3 - 2 = -m. Determine a(m).
11
Let l(h) be the first derivative of -h**3/3 - h**2/2 - 3. Let g be (3 - 0)*5/(-3). Let u = g - -2. Determine l(u).
-6
Let j(u) = -u - 12. Let r be j(-12). Let b(t) = t + 7*t + r*t - 1. Determine b(1).
7
Let s(k) = 2*k**2 + 5*k + 3. Suppose 15 = -4*h - 1. Give s(h).
15
Let s(a) = a**2 - 2*a + 1. Suppose -4*u = -u + 6. Let q = u - -4. Calculate s(q).
1
Let b(o) be the first derivative of -5/3*o**3 - 1/4*o**4 - 2 - 2*o**2 + 5*o. Suppose 0 = -0*f + 2*f + 8. Give b(f).
5
Let v(a) = -a**2 + 7*a - 8. Let r(n) = -n**3 - 5*n**2 - 6*n - 3. Let y be r(-4). Let o be 28/y + (-8)/(-20). What is v(o)?
-2
Let n be (-3 + 3)/(-1 - 1). Let h(z) = 3 + n - 3 - z + 1. Determine h(-2).
3
Suppose 3*h = 4*h - 6. Let s(j) = j**2 - 5*j - 5. What is s(h)?
1
Let p(i) = -3*i**3 + i**2 + i + 3. Let t(k) = 16*k**3 - 6*k**2 - 5*k - 16. Let c(s) = -22*p(s) - 4*t(s). Let y(x) = -x - 8. Let n be y(-6). What is c(n)?
-6
Let l(t) = t**2 - t - 4. Let u be l(-2). Let g(p) = 3*p**2 - 4*p + 2. Determine g(u).
6
Let n(j) be the second derivative of -1/6*j**3 + 0 + 3/2*j**2 - j. Let f(a) = -4*a**2 + 2*a - 1. Let d be f(1). Give n(d).
6
Let m(r) be the second derivative of r**3/6 - 3*r**2 + 5*r. Let b(d) = -d**3 + d + 2. Let t be b(0). Suppose 8 = v + t. What is m(v)?
0
Let f(k) be the second derivative of 2*k**3/3 - k**2/2 - k. Suppose 1404*b - 1400*b = -16. Give f(b).
-17
Let j(d) = -5*d**2 + d - 